osite number?
True
Let r(m) be the second derivative of -35*m**3/6 - 7*m**2/2 - m. Is r(-6) a prime number?
False
Let f(i) = 98489*i. Let k(t) be the third derivative of -49*t**4/8 + 3*t**2. Let p(a) = -2*f(a) - 1341*k(a). Is p(1) composite?
False
Suppose 0 = 3*m + 4*u + u - 37, -5*m - 4*u + 53 = 0. Is -1*411/(m/(-12)*2) a prime number?
False
Let h(l) be the first derivative of l**4/4 + 3*l**3 - 7*l**2/2 + 2*l + 9. Is h(-7) composite?
False
Suppose -2*y + 2606 = -a - 3*a, a - 6482 = -5*y. Is y composite?
False
Suppose -5*a + 19*a - 179788 = 0. Is a prime?
False
Suppose 4*j + 3340 = u + 5*j, -2*u + 6683 = -j. Is u composite?
True
Let m = 5496 + -2695. Suppose 7*z - m = 1966. Is z a prime number?
False
Suppose -2*s = 2*s - 304. Let b = 122 + s. Let y = 283 - b. Is y prime?
False
Let j = 2346 + -670. Suppose 0 = 11*y - 15*y + j. Is y composite?
False
Suppose 3*i = -g - 3*g + 12, g + 3*i + 6 = 0. Suppose -4*m - o = 133, o = -g + 1. Let x = m + 70. Is x a composite number?
True
Let p(c) = c + 30. Let a be p(-11). Let w = a - 8. Is w composite?
False
Let a = 10 + -10. Suppose -m - 4*m - 280 = a. Let i = m - -135. Is i a prime number?
True
Suppose -6 = 6*h - 8*h. Suppose p = -4*v - 1642, h*p + 1435 + 203 = -4*v. Let f = -190 - v. Is f a prime number?
False
Suppose 4*k = 3*k + 165. Let v be 168/(-30)*k/6. Let j = v + 321. Is j a prime number?
True
Is 3*10/(-30)*-1*4783 a composite number?
False
Let n be -3*(-2 - 2778/9). Suppose 66 + n = 2*p. Is p prime?
True
Suppose -5*i + 1513 = -1722. Suppose -5*c + 3042 = i. Is c prime?
True
Let y = -32 + 32. Suppose -172 - 397 = -t + 2*b, y = -3*t - 4*b + 1687. Is t composite?
True
Suppose b + 6 = 7, 3*u = 2*b + 24079. Is u a composite number?
True
Suppose -5*l + 2*l + 2022 = 3*s, 679 = l + 2*s. Is l composite?
True
Let d be (35/(-15))/(4/(-42))*98. Let m = d - 1340. Is m a composite number?
False
Suppose -3*n + 385 = -353. Let g = n - 112. Is g prime?
False
Is 3 + (-607550)/(-11) - 10/(-55) a prime number?
False
Is 3163*(-2 - (-12)/4) composite?
False
Suppose -6*t + 4558 = f - t, -4*f = t - 18289. Is f a composite number?
True
Suppose 27 - 3 = 2*i - n, -i + 12 = -4*n. Let r = i + -14. Let x(c) = 8*c**2 - 2*c - 3. Is x(r) a prime number?
False
Let p = 1349 + -631. Is p a prime number?
False
Suppose -4*s = -7*s + 11694. Is s composite?
True
Let c(r) = -r - 18. Let a be c(-12). Let s be (-11 + 14)*244/a. Let g = s - -861. Is g a composite number?
False
Suppose 24*m = 28*m + 5*t - 110108, -m - t + 27527 = 0. Is m a composite number?
False
Let f be 0/(-3 - (-2)/1). Suppose f = s - 0 - 2. Is -2 - s/((-4)/78) a prime number?
True
Suppose -x + b + 2 = 0, -4*x + b - 6 = 4*b. Let g(c) = x*c**2 - 4*c - c**3 + c + 13*c**2 - 7 - 4*c. Is g(12) prime?
True
Suppose -19*a - 67950 = -9*a. Is a/(-12) + 3/(-12) a prime number?
False
Suppose 5*p - 7 - 13 = 2*s, -5*s = -4*p + 33. Let b be (-26)/(-6) + (-4)/(-6). Suppose b*n = p*n + 231. Is n a composite number?
True
Is (13617/(-6) + 2)/((-4)/8) a prime number?
False
Let u(i) = 4*i**2 + 3*i + 3. Suppose 0 = -6*o + 4*o + 10. Suppose -18 = o*c + 2. Is u(c) a prime number?
False
Let m = 110 - -400. Let x = m + 299. Is x a composite number?
False
Let o = -27 + 31. Suppose 475 = 3*g - 3*v - 1889, -3*g + o*v + 2365 = 0. Is g prime?
True
Let d = 125 - 121. Suppose s - 178 = -5*t, d*s - 2*t - 473 = 349. Is s a prime number?
False
Let b = -1673 + 107214. Is b composite?
False
Suppose -2*h = 4*r - 476, -2*r - 4*h - h + 254 = 0. Let n = r + -66. Is n a composite number?
True
Suppose -4*o - 15 - 21 = 0. Let t = 233 - o. Suppose t + 306 = 4*f - 3*v, 0 = 2*f + v - 264. Is f prime?
False
Let y = 26072 - 18595. Is y a prime number?
True
Suppose -2*z = 2*d + 6, 0 = d + 1 + 2. Suppose 0 = -z*v - 4*v + 7892. Is v composite?
False
Suppose 3*b = 3*c - 39267, -12591 = -c - 3*b + 514. Is c a prime number?
True
Is 358/(-6)*(9 - 12) composite?
False
Let h(k) = 3 - k**3 + 0*k**2 - 51*k - 2*k**2 + k**2 + 56*k. Let b be h(-3). Suppose -b*m + 1855 = -m. Is m prime?
False
Let s(i) = -499*i - 95. Is s(-14) a prime number?
False
Suppose 3*p - 4*q - 2307 = 0, -2*p - 5*q + q + 1538 = 0. Is p prime?
True
Let b = 26 - 22. Suppose 3*q - 4361 = 4*v + 66, v = b. Is q a composite number?
False
Let v be (-1 + -1)/(12/(-18)). Let r(l) = -l + 5*l**2 + v*l + 6 - 4*l. Is r(7) composite?
True
Let r(o) = 107*o + 49. Let f be r(11). Is f + (4 + -1)/(-1) a prime number?
True
Let o(j) = -10791*j - 285. Is o(-6) prime?
False
Let z(t) = t**3 - 24*t**2 + 35*t - 10. Let h be z(17). Is h/((-3 - -3) + 0 + -2) prime?
True
Let t = 24 - 9. Suppose -13*d - 298 = -t*d. Is d - 0/(0 - -3) a prime number?
True
Suppose -33*u - 50352 = -81*u. Is u a composite number?
False
Let r = -29 - -33. Suppose 5*c - 2*f + r = 0, 3*c + 6 = -f + 4*f. Suppose c*v + 2418 = 6*v. Is v a prime number?
False
Let g = 70984 + -19749. Is g a composite number?
True
Suppose -6*h - 20931 = -9*h. Suppose 4*n - h = -1093. Is n a prime number?
True
Let q(y) = 117*y**2 + y - 16. Let w be q(3). Suppose -4395 - w = -5*z. Is z a prime number?
True
Suppose -t + 84604 = 5*d, -d + 5*t = -2*d + 16916. Is d prime?
True
Let j(c) = -24*c + 13. Let i(q) = -23*q + 14. Let f(n) = -6*i(n) + 7*j(n). Is f(-5) a prime number?
True
Let q(d) = 119*d. Let x be q(-4). Let r = 847 + x. Is r composite?
True
Let g(t) = 4*t**3 + 20*t**2 + 28*t - 32. Let o(b) = -b**3 - b**2 - b - 1. Let x(i) = -g(i) - 3*o(i). Is x(-18) composite?
False
Let x(n) = -4*n**3 + n. Let p be x(-1). Suppose -3 = b - y, -2*y - 1 - 3 = p*b. Is 6/12 - 193/b composite?
False
Suppose -3*b = 5*k - 42, 3*b + 4*k = -4 + 46. Suppose 11*p = b*p - 201. Is p prime?
True
Suppose -3*y = -17*y + 6790. Is y a prime number?
False
Suppose b + 2*b = 12. Suppose -3*y + 8*y = -4*r + 1961, -r = -b. Is y a prime number?
True
Suppose -7*y + 5279 = -2204. Is y prime?
True
Let j be 44/(-66) - (-2 + (-251)/3). Let z = 924 - 530. Let g = z + j. Is g prime?
True
Suppose 34*z + 101*z = 885465. Is z a composite number?
True
Let n = 1 - -5. Let o be (-2 - -50) + n + -8. Suppose 0*h = h - o. Is h composite?
True
Let c = 247 + 52. Suppose -3*j + 5*y + c = 0, 3*j + 0*j + 4*y - 263 = 0. Is j composite?
True
Suppose -20574 = -4*r + 12*i - 7*i, -4*r - 4*i = -20556. Is r a composite number?
True
Let h = -486 + 1805. Is h composite?
False
Suppose 4*t + 2*a = 10, 0 = a - 3*a - 6. Suppose -f = -2*g + 975, 2*g + 3*g - t*f = 2445. Is g a composite number?
True
Let t(j) = j**3 - 2*j**2 - 2*j + 2. Let y be t(3). Suppose 2*r - 234 = y*r. Is (-11)/(-44) + r/(-8) prime?
False
Let d(r) = -r + 24 - 21 + 81*r**2 + 16. Is d(6) composite?
True
Let g be 3*1*(-546)/(-9). Is (-1 + 0)/((-14)/g) prime?
True
Let m(j) = -j - 3. Let o be m(0). Let i(z) = -z**2 - z + 3. Let p be i(o). Is (-1)/((9/651)/p) composite?
True
Suppose 68 - 47 = 3*d. Is (-200904)/(-56) + d - (-3)/7 a composite number?
True
Let p(o) = 159*o**3 - 2*o. Let m be p(2). Let k be ((-3)/(-12))/(1/m). Suppose 5*t + 5*a - 2083 = -573, -t + 2*a + k = 0. Is t prime?
True
Suppose -x = -3*c + 6, -4*x + c - 2*c = -2. Suppose x = t + 5*g + 7, 2*t = g - 2 - 1. Is (14/21)/(t/(-201)) composite?
False
Let m(v) = 1250*v**2 - 8*v + 9. Is m(4) a composite number?
True
Is (-532131)/(-21) - 192/336 a composite number?
False
Suppose -13*n + 22090 = -36813. Is n a composite number?
True
Let p(r) = -r + 9. Let d be p(10). Is d/((-1)/(-1))*9735/(-55) prime?
False
Suppose -3*u = 0, -4*y + 2*u - 3*u = 20. Let n = 8 + y. Suppose 0 = -n*z + 15, z - 313 = -4*d + 24. Is d a prime number?
True
Suppose 5*n = -715 - 50. Let q be 1/(-2) + n/(-2). Let p = q + 11. Is p prime?
False
Suppose -3*l + 3*x = -7*l + 11360, 2851 = l - 2*x. Is l prime?
True
Let f be 10/15 + 13/3. Suppose -3*u - w = -3*w - 1253, 4*w - 2103 = -f*u. Is u composite?
False
Suppose -14*r + 18050 = 1012. Is r a composite number?
False
Suppose 0 = r - h, 3*h - 5 = 1. Suppose 0*n + 5*m = -n + 399, -r*m = 3*n - 1145. Is n a composite number?
False
Suppose -5*z = -3*f - 44973, 2*z + 2*f + 7510 = 25512. Is z a prime number?
False
Suppose 0 = 2*f - q - 39065, q + 35082 = 3*f - 23514. Is f a composite number?
False
Is 997 + (-150)/45*(-9)/(-5) a composite number?
False
Let o = -72 + 74. Suppose 5*f + 0*b - 9171 = -b, -o*f = 5*b - 3650. Is f a prime number?
False
Suppose -4*p = -z - 989, -